{"id":1400,"date":"2017-08-08T14:43:03","date_gmt":"2017-08-08T14:43:03","guid":{"rendered":"http:\/\/valenseumh.cluster020.hosting.ovh.net\/?post_type=realisation&#038;p=1400\/"},"modified":"2023-10-09T09:16:09","modified_gmt":"2023-10-09T09:16:09","slug":"parlement-europeen-atrium-k","status":"publish","type":"realisation","link":"https:\/\/www.valens.eu\/fr\/realisation\/parlement-europeen-atrium-k\/","title":{"rendered":"PARLEMENT EUROPEEN &#8211; ATRIUM K"},"content":{"rendered":"<p>Sur 3 niveaux, cr\u00e9ation d&rsquo;un centre d&rsquo;accueil pour les visiteurs en groupes au Parlement Europ\u00e9en. R\u00e9am\u00e9nagement urbanistique de l&rsquo;acc\u00e8s, dimensionnement des espaces de circulation routi\u00e8re, zones de d\u00e9pose-minute et zones de transit de pi\u00e9tons.<\/p>\n","protected":false},"featured_media":1401,"template":"","realisation-categorie":[11],"avancement":[51],"class_list":["post-1400","realisation","type-realisation","status-publish","has-post-thumbnail","hentry","realisation-categorie-collectivite","avancement-termine"],"_links":{"self":[{"href":"https:\/\/www.valens.eu\/fr\/wp-json\/wp\/v2\/realisation\/1400","targetHints":{"allow":["GET"]}}],"collection":[{"href":"https:\/\/www.valens.eu\/fr\/wp-json\/wp\/v2\/realisation"}],"about":[{"href":"https:\/\/www.valens.eu\/fr\/wp-json\/wp\/v2\/types\/realisation"}],"wp:featuredmedia":[{"embeddable":true,"href":"https:\/\/www.valens.eu\/fr\/wp-json\/wp\/v2\/media\/1401"}],"wp:attachment":[{"href":"https:\/\/www.valens.eu\/fr\/wp-json\/wp\/v2\/media?parent=1400"}],"wp:term":[{"taxonomy":"realisation-categorie","embeddable":true,"href":"https:\/\/www.valens.eu\/fr\/wp-json\/wp\/v2\/realisation-categorie?post=1400"},{"taxonomy":"avancement","embeddable":true,"href":"https:\/\/www.valens.eu\/fr\/wp-json\/wp\/v2\/avancement?post=1400"}],"curies":[{"name":"wp","href":"https:\/\/api.w.org\/{rel}","templated":true}]}}

<p>Sur 3 niveaux, création d&rsquo;un centre d&rsquo;accueil pour les visiteurs en groupes au Parlement Européen. Réaménagement urbanistique de l&rsquo;accès, dimensionnement des espaces de circulation routière, zones de dépose-minute et zones de transit de piétons.</p>
