{"id":1048,"date":"2017-07-03T12:28:47","date_gmt":"2017-07-03T12:28:47","guid":{"rendered":"http:\/\/valenseumh.cluster020.hosting.ovh.net\/?post_type=realisation&#038;p=1048\/"},"modified":"2023-10-09T09:16:12","modified_gmt":"2023-10-09T09:16:12","slug":"square-de-meeus","status":"publish","type":"realisation","link":"https:\/\/www.valens.eu\/fr\/realisation\/square-de-meeus\/","title":{"rendered":"SQUARE DE MEEUS"},"content":{"rendered":"<p>R\u00e9novation d\u2019un immeuble de bureaux R + 11.<\/p>\n<p>D\u00e9molitions : enl\u00e8vement de toutes les techniques, faux plafonds, rev\u00eatements de sols et de murs, \u00e9tanch\u00e9it\u00e9 de la toiture.<br \/>\nR\u00e9novation : nouvelles isolations, \u00e9tanch\u00e9it\u00e9s, HVAC , \u00e9lectricit\u00e9, sanitaires, sprinklage et ascenseurs, faux plafonds, rev\u00eatement de sols et de murs.<br \/>\nR\u00e9vision structurelle des b\u00e9tons, installation de d\u00e9senfumage et de contr\u00f4le d&rsquo;acc\u00e8s. Nouveau hall d\u2019accueil et mobilier. Menuiserie int\u00e9rieure. Tavaux en site occup\u00e9.<\/p>\n<p>&nbsp;<\/p>\n","protected":false},"featured_media":1049,"template":"","realisation-categorie":[9],"avancement":[51],"class_list":["post-1048","realisation","type-realisation","status-publish","has-post-thumbnail","hentry","realisation-categorie-commerce-entreprise","avancement-termine"],"_links":{"self":[{"href":"https:\/\/www.valens.eu\/fr\/wp-json\/wp\/v2\/realisation\/1048","targetHints":{"allow":["GET"]}}],"collection":[{"href":"https:\/\/www.valens.eu\/fr\/wp-json\/wp\/v2\/realisation"}],"about":[{"href":"https:\/\/www.valens.eu\/fr\/wp-json\/wp\/v2\/types\/realisation"}],"wp:featuredmedia":[{"embeddable":true,"href":"https:\/\/www.valens.eu\/fr\/wp-json\/wp\/v2\/media\/1049"}],"wp:attachment":[{"href":"https:\/\/www.valens.eu\/fr\/wp-json\/wp\/v2\/media?parent=1048"}],"wp:term":[{"taxonomy":"realisation-categorie","embeddable":true,"href":"https:\/\/www.valens.eu\/fr\/wp-json\/wp\/v2\/realisation-categorie?post=1048"},{"taxonomy":"avancement","embeddable":true,"href":"https:\/\/www.valens.eu\/fr\/wp-json\/wp\/v2\/avancement?post=1048"}],"curies":[{"name":"wp","href":"https:\/\/api.w.org\/{rel}","templated":true}]}}

<p>Rénovation d’un immeuble de bureaux R + 11.</p>
<p>Démolitions : enlèvement de toutes les techniques, faux plafonds, revêtements de sols et de murs, étanchéité de la toiture.<br />
Rénovation : nouvelles isolations, étanchéités, HVAC , électricité, sanitaires, sprinklage et ascenseurs, faux plafonds, revêtement de sols et de murs.<br />
Révision structurelle des bétons, installation de désenfumage et de contrôle d&rsquo;accès. Nouveau hall d’accueil et mobilier. Menuiserie intérieure. Tavaux en site occupé.</p>
<p>&nbsp;</p>
