{"id":76,"date":"2017-02-24T10:43:25","date_gmt":"2017-02-24T10:43:25","guid":{"rendered":"http:\/\/valenseumh.cluster020.hosting.ovh.net\/?page_id=76\/"},"modified":"2017-10-04T12:26:10","modified_gmt":"2017-10-04T12:26:10","slug":"organisation","status":"publish","type":"page","link":"https:\/\/www.valens.eu\/fr\/presentation\/organisation\/","title":{"rendered":"Organisation"},"content":{"rendered":"<h2>Valens au sein du groupe Eiffage<\/h2>\n<p>&nbsp;<\/p>\n<div class=\"su-row\">\n<div class=\"su-column su-column-size-1-3\"><div class=\"su-column-inner su-u-clearfix su-u-trim\">\n<h3 style=\"text-align: center;\"><img loading=\"lazy\" decoding=\"async\" class=\"alignnone size-medium wp-image-1538\" src=\"https:\/\/www.valens.eu\/wp-content\/uploads\/EIF_VAL3-298x300.png\" alt=\"\" width=\"298\" height=\"300\" srcset=\"https:\/\/www.valens.eu\/wp-content\/uploads\/EIF_VAL3-298x300.png 298w, https:\/\/www.valens.eu\/wp-content\/uploads\/EIF_VAL3-150x150.png 150w, https:\/\/www.valens.eu\/wp-content\/uploads\/EIF_VAL3-500x504.png 500w, https:\/\/www.valens.eu\/wp-content\/uploads\/EIF_VAL3.png 551w\" sizes=\"auto, (max-width: 298px) 100vw, 298px\" \/><\/h3>\n<h3><\/h3>\n<\/div><\/div>\n<div class=\"su-column su-column-size-2-3\"><div class=\"su-column-inner su-u-clearfix su-u-trim\">\n<p>N\u00e9e en janvier 2006 de la fusion des SA Maurice Delens et Van Rymenant, la SA Valens peut se pr\u00e9valoir d\u2019une tr\u00e8s longue exp\u00e9rience et met \u00e0 profit sa ma\u00eetrise et son savoir-faire dans le domaine de la construction en Belgique.<\/p>\n<p>Valens fait partie int\u00e9grante de la holding belge Eiffage Benelux qui appartient elle-m\u00eame au groupe fran\u00e7ais Eiffage, un des leaders europ\u00e9ens de la construction.<\/p>\n<p>Dot\u00e9e d&rsquo;une solide exp\u00e9rience en Design&amp;Build, Valens poss\u00e8de ses propres \u00e9quipes d&rsquo;ing\u00e9nierie int\u00e9gr\u00e9es couvrant les domaines techniques suivants :<\/p>\n<ul>\n<li>Stabilit\u00e9<\/li>\n<li>Techniques sp\u00e9ciales<\/li>\n<li>Infrastructures<\/li>\n<li>Fa\u00e7ades<\/li>\n<li>M\u00e9thodologie<\/li>\n<li>Planning<\/li>\n<li>BIM<\/li>\n<\/ul>\n<\/div><\/div>\n<\/div>\n","protected":false},"excerpt":{"rendered":"<p>Valens au sein du groupe Eiffage &nbsp;<\/p>\n","protected":false},"author":1,"featured_media":0,"parent":67,"menu_order":0,"comment_status":"closed","ping_status":"closed","template":"","meta":{"footnotes":""},"class_list":["post-76","page","type-page","status-publish","hentry"],"_links":{"self":[{"href":"https:\/\/www.valens.eu\/fr\/wp-json\/wp\/v2\/pages\/76","targetHints":{"allow":["GET"]}}],"collection":[{"href":"https:\/\/www.valens.eu\/fr\/wp-json\/wp\/v2\/pages"}],"about":[{"href":"https:\/\/www.valens.eu\/fr\/wp-json\/wp\/v2\/types\/page"}],"author":[{"embeddable":true,"href":"https:\/\/www.valens.eu\/fr\/wp-json\/wp\/v2\/users\/1"}],"replies":[{"embeddable":true,"href":"https:\/\/www.valens.eu\/fr\/wp-json\/wp\/v2\/comments?post=76"}],"version-history":[{"count":38,"href":"https:\/\/www.valens.eu\/fr\/wp-json\/wp\/v2\/pages\/76\/revisions"}],"predecessor-version":[{"id":1796,"href":"https:\/\/www.valens.eu\/fr\/wp-json\/wp\/v2\/pages\/76\/revisions\/1796"}],"up":[{"embeddable":true,"href":"https:\/\/www.valens.eu\/fr\/wp-json\/wp\/v2\/pages\/67"}],"wp:attachment":[{"href":"https:\/\/www.valens.eu\/fr\/wp-json\/wp\/v2\/media?parent=76"}],"curies":[{"name":"wp","href":"https:\/\/api.w.org\/{rel}","templated":true}]}}

<h2>Valens au sein du groupe Eiffage</h2>
<p>&nbsp;</p>
<div class="su-row">
<div class="su-column su-column-size-1-3"><div class="su-column-inner su-u-clearfix su-u-trim">
<h3 style="text-align: center;"><img loading="lazy" decoding="async" class="alignnone size-medium wp-image-1538" src="https://www.valens.eu/wp-content/uploads/EIF_VAL3-298x300.png" alt="" width="298" height="300" srcset="https://www.valens.eu/wp-content/uploads/EIF_VAL3-298x300.png 298w, https://www.valens.eu/wp-content/uploads/EIF_VAL3-150x150.png 150w, https://www.valens.eu/wp-content/uploads/EIF_VAL3-500x504.png 500w, https://www.valens.eu/wp-content/uploads/EIF_VAL3.png 551w" sizes="auto, (max-width: 298px) 100vw, 298px" /></h3>
<h3></h3>
</div></div>
<div class="su-column su-column-size-2-3"><div class="su-column-inner su-u-clearfix su-u-trim">
<p>Née en janvier 2006 de la fusion des SA Maurice Delens et Van Rymenant, la SA Valens peut se prévaloir d’une très longue expérience et met à profit sa maîtrise et son savoir-faire dans le domaine de la construction en Belgique.</p>
<p>Valens fait partie intégrante de la holding belge Eiffage Benelux qui appartient elle-même au groupe français Eiffage, un des leaders européens de la construction.</p>
<p>Dotée d&rsquo;une solide expérience en Design&amp;Build, Valens possède ses propres équipes d&rsquo;ingénierie intégrées couvrant les domaines techniques suivants :</p>
<ul>
<li>Stabilité</li>
<li>Techniques spéciales</li>
<li>Infrastructures</li>
<li>Façades</li>
<li>Méthodologie</li>
<li>Planning</li>
<li>BIM</li>
</ul>
</div></div>
</div>
