{"id":1439,"date":"2017-08-23T08:28:22","date_gmt":"2017-08-23T08:28:22","guid":{"rendered":"http:\/\/valenseumh.cluster020.hosting.ovh.net\/?page_id=1439\/"},"modified":"2026-03-19T14:51:01","modified_gmt":"2026-03-19T14:51:01","slug":"missions-et-valeurs","status":"publish","type":"page","link":"https:\/\/www.valens.eu\/fr\/presentation\/missions-et-valeurs\/","title":{"rendered":"Missions et Valeurs"},"content":{"rendered":"\n<h2 class=\"wp-block-heading\"><strong>Une vision d&rsquo;avenir<\/strong><\/h2>\n\n\n\n<p class=\"has-text-align-center\"><strong>Entreprise G\u00e9n\u00e9rale <\/strong>de construction en B\u00e2timent et G\u00e9nie Civil, VALENS vise le <strong>TOP 5 <\/strong>du secteur sur la zone Belgique Centre. Notre strat\u00e9gie de <strong>croissance <\/strong>est bas\u00e9e sur <strong>l\u2019intensification de notre pr\u00e9sence&nbsp;<\/strong>tant sur le march\u00e9 des <strong>projets d\u2019envergure <\/strong>que celui du <strong>Service<\/strong>, avec une place de <strong>leader <\/strong>\u00e0 la cl\u00e9. C\u2019est en misant sur notre r\u00e9putation et notre s\u00e9rieux que nous entendons faire de VALENS le partenaire reconnu et incontournable de tous les donneurs d\u2019ordre, tant publics que priv\u00e9s.<\/p>\n\n\n\n<h2 class=\"wp-block-heading\">Nos valeurs<\/h2>\n\n\n\n<p class=\"has-text-align-center\">Chez Valens, nous pensons qu&rsquo;il est important d&rsquo;\u00e9voluer en tant que groupe tout en maintenant nos valeurs fondamentales : notre engagement envers la soci\u00e9t\u00e9 et l&rsquo;environnement et notre esprit d&rsquo;\u00e9quipe, qui nous permet de relever les d\u00e9fis ensemble, avec des \u00e9quipes impliqu\u00e9es, fid\u00e8les et engag\u00e9es par l\u2019envie d\u2019innover.<\/p>\n\n\n\n<p class=\"has-text-align-center\"><\/p>\n\n\n<div class=\"su-row sld_in_animate\"><div class=\"su-column su-column-size-1-2\"><div class=\"su-column-inner su-u-clearfix su-u-trim\">\n<h4><img loading=\"lazy\" decoding=\"async\" class=\"wp-image-2710 aligncenter\" src=\"https:\/\/www.valens.eu\/wp-content\/uploads\/icon-medal-300x300.png\" alt=\"\" width=\"89\" height=\"89\" srcset=\"https:\/\/www.valens.eu\/wp-content\/uploads\/icon-medal-300x300.png 300w, https:\/\/www.valens.eu\/wp-content\/uploads\/icon-medal-150x150.png 150w, https:\/\/www.valens.eu\/wp-content\/uploads\/icon-medal-60x60.png 60w, https:\/\/www.valens.eu\/wp-content\/uploads\/icon-medal.png 400w\" sizes=\"auto, (max-width: 89px) 100vw, 89px\" \/><\/h4>\n<h4 style=\"text-align: center;\">Exemplarit\u00e9<\/h4>\n<p style=\"text-align: center;\">Chez Valens, l\u2019exemplarit\u00e9 est la base du respect de l\u2019autre. A travers elle, les valeurs du Groupe deviennent concr\u00e8tes. Nous ne demandons pas aux autres ce que l\u2019on ne s\u2019imposerait pas \u00e0 soim\u00eame. Quelles que soient les circonstances, nous agissons de fa\u00e7on \u00e9thique, en conscience et dans le strict respect des r\u00e8gles.<\/p>\n<p style=\"text-align: center;\"><\/div><\/div> <div class=\"su-column su-column-size-1-2\"><div class=\"su-column-inner su-u-clearfix su-u-trim\">\n<h4 style=\"text-align: center;\"><img loading=\"lazy\" decoding=\"async\" class=\"alignnone wp-image-2698\" src=\"https:\/\/www.valens.eu\/wp-content\/uploads\/icon-responibility-300x300.png\" alt=\"\" width=\"87\" height=\"87\" srcset=\"https:\/\/www.valens.eu\/wp-content\/uploads\/icon-responibility-300x300.png 300w, https:\/\/www.valens.eu\/wp-content\/uploads\/icon-responibility-150x150.png 150w, https:\/\/www.valens.eu\/wp-content\/uploads\/icon-responibility-60x60.png 60w, https:\/\/www.valens.eu\/wp-content\/uploads\/icon-responibility.png 400w\" sizes=\"auto, (max-width: 87px) 100vw, 87px\" \/><\/h4>\n<h4 style=\"text-align: center;\">Responsabilit\u00e9<\/h4>\n<p style=\"text-align: center;\">Chez Valens, chacun \u00e0 son niveau repr\u00e9sente et engage le Groupe, chacun \u00e0 son niveau est garant des ressources humaines et mat\u00e9rielles dont on lui a confi\u00e9 la charge. A travers la responsabilisation, l\u2019autonomie est pr\u00e9serv\u00e9e, d\u00e9cisions et prise d\u2019initiatives sont encourag\u00e9es au plus proche du terrain.<\/p>\n<p style=\"text-align: center;\"><\/div><\/div> <\/div>\n\n\n\n<p class=\"has-text-align-center\"><\/p>\n\n\n<div class=\"su-row sld_in_animate\"><div class=\"su-column su-column-size-1-2\"><div class=\"su-column-inner su-u-clearfix su-u-trim\">\n<h4 style=\"text-align: center;\"><img loading=\"lazy\" decoding=\"async\" class=\"alignnone wp-image-2701\" src=\"https:\/\/www.valens.eu\/wp-content\/uploads\/icon-trust-300x201.png\" alt=\"\" width=\"100\" height=\"67\" srcset=\"https:\/\/www.valens.eu\/wp-content\/uploads\/icon-trust-300x201.png 300w, https:\/\/www.valens.eu\/wp-content\/uploads\/icon-trust-500x334.png 500w, https:\/\/www.valens.eu\/wp-content\/uploads\/icon-trust.png 598w\" sizes=\"auto, (max-width: 100px) 100vw, 100px\" \/><\/h4>\n<h4 style=\"text-align: center;\">Confiance<\/h4>\n<p style=\"text-align: center;\">Chez Valens, tout collaborateur b\u00e9n\u00e9ficie de la confiance de sa hi\u00e9rarchie, qui le soutiendra aussi face aux difficult\u00e9s. Les actions sont collectives et ne se construisent pas aux d\u00e9pens des autres. La confiance est une marque de reconnaissance, c\u2019est le ciment de la coh\u00e9sion et participe de l\u2019\u00e9panouissement de chacun. La confiance r\u00e9git aussi la relation de Valens avec ses parties prenantes et favorise un partenariat de long terme.<\/p>\n<p style=\"text-align: center;\"><\/div><\/div> <div class=\"su-column su-column-size-1-2\"><div class=\"su-column-inner su-u-clearfix su-u-trim\">\n<h4><img loading=\"lazy\" decoding=\"async\" class=\"wp-image-2704 aligncenter\" src=\"https:\/\/www.valens.eu\/wp-content\/uploads\/icon-wen-300x300.png\" alt=\"\" width=\"79\" height=\"79\" srcset=\"https:\/\/www.valens.eu\/wp-content\/uploads\/icon-wen-300x300.png 300w, https:\/\/www.valens.eu\/wp-content\/uploads\/icon-wen-150x150.png 150w, https:\/\/www.valens.eu\/wp-content\/uploads\/icon-wen-60x60.png 60w, https:\/\/www.valens.eu\/wp-content\/uploads\/icon-wen.png 400w\" sizes=\"auto, (max-width: 79px) 100vw, 79px\" \/><\/h4>\n<h4 style=\"text-align: center;\">Transparence<\/h4>\n<p style=\"text-align: center;\">Chez Valens, les enjeux sont partag\u00e9s. Chacun sait ce que l\u2019on attend de lui et ce qu\u2019il peut attendre des autres. La confiance exige de la transparence. L\u2019information donn\u00e9e est fiable et exhaustive. Elle doit \u00eatre transmise promptement. Dissimulation et falsification ne sont pas accept\u00e9es. Chacun doit assumer les cons\u00e9quences de ses actes. L\u2019erreur est admise ; seule sa r\u00e9p\u00e9tition en fait une faute.<\/p>\n<p style=\"text-align: center;\"><\/div><\/div> <\/div>\n\n\n\n<p class=\"has-text-align-center\"><\/p>\n\n\n<div class=\"su-row sld_in_animate\"><div class=\"su-column su-column-size-1-2\"><div class=\"su-column-inner su-u-clearfix su-u-trim\">\n<h4><img loading=\"lazy\" decoding=\"async\" class=\"wp-image-2707 aligncenter\" src=\"https:\/\/www.valens.eu\/wp-content\/uploads\/icon-target-300x300.png\" alt=\"\" width=\"79\" height=\"79\" srcset=\"https:\/\/www.valens.eu\/wp-content\/uploads\/icon-target-300x300.png 300w, https:\/\/www.valens.eu\/wp-content\/uploads\/icon-target-150x150.png 150w, https:\/\/www.valens.eu\/wp-content\/uploads\/icon-target-60x60.png 60w, https:\/\/www.valens.eu\/wp-content\/uploads\/icon-target.png 432w\" sizes=\"auto, (max-width: 79px) 100vw, 79px\" \/><\/h4>\n<h4 style=\"text-align: center;\">Lucidit\u00e9<\/h4>\n<p style=\"text-align: center;\">\u00catre collaborateur Valens, c\u2019est voir et exprimer les choses avec clart\u00e9 et justesse en ayant conscience de ses capacit\u00e9s mais \u00e9galement de ses limites. Cela permet la juste \u00e9valuation des risques et la mobilisation des ressources requises. La lucidit\u00e9 apporte la garantie d\u2019objectifs r\u00e9alisables et d\u2019engagements tenus.<\/p>\n<p style=\"text-align: center;\"><\/div><\/div> <div class=\"su-column su-column-size-1-2\"><div class=\"su-column-inner su-u-clearfix su-u-trim\">\n<h4><img loading=\"lazy\" decoding=\"async\" class=\"wp-image-2713 aligncenter\" src=\"https:\/\/www.valens.eu\/wp-content\/uploads\/icon-growth-300x226.png\" alt=\"\" width=\"84\" height=\"63\" srcset=\"https:\/\/www.valens.eu\/wp-content\/uploads\/icon-growth-300x226.png 300w, https:\/\/www.valens.eu\/wp-content\/uploads\/icon-growth-500x376.png 500w, https:\/\/www.valens.eu\/wp-content\/uploads\/icon-growth.png 532w\" sizes=\"auto, (max-width: 84px) 100vw, 84px\" \/><\/h4>\n<h4 style=\"text-align: center;\">Courage &amp; pugnacit\u00e9<\/h4>\n<p style=\"text-align: center;\">\u00catre collaborateur Valens, c\u2019est s\u2019engager avec enthousiasme au service des projets, avec pers\u00e9v\u00e9rance et pugnacit\u00e9, mais sans obstination et avoir la force d\u2019affronter et de surmonter les difficult\u00e9s. C\u2019est aussi savoir faire preuve de courage manag\u00e9rial vis-\u00e0-vis de ses collaborateurs.<\/p>\n<p style=\"text-align: center;\"><\/div><\/div> <\/div>\n\n\n\n<p>&nbsp;<\/p>\n\n\n\n<h2 class=\"wp-block-heading\">Sponsoring<\/h2>\n\n\n\n<p class=\"has-text-align-center\">Votre association souhaite soumettre une demande de sponsoring aupr\u00e8s de Valens ? Veuillez remplir ce <a href=\"https:\/\/www.valens.eu\/wp-content\/uploads\/VALENS-SPONSORING-Aanvraag-Demande.xlsx\">formulaire<\/a> et l&rsquo;envoyer \u00e0 <a href=\"&#109;&#x61;i&#108;&#x74;o&#x3a;&#x68;&#114;&#x2e;v&#97;&#x6c;e&#110;&#x73;&#64;&#x65;i&#102;&#x66;a&#103;&#x65;&#46;&#x63;&#x6f;&#109;\" target=\"_blank\" rel=\"noopener\">&#99;&#x6f;&#x6e;&#116;&#x61;&#x63;t&#x2e;&#x76;a&#108;&#x65;n&#115;&#x40;e&#105;&#x66;f&#97;&#x67;e&#46;&#x63;&#x6f;&#109;<\/a><\/p>\n","protected":false},"excerpt":{"rendered":"<p>Une vision d&rsquo;avenir Entreprise G\u00e9n\u00e9rale de construction en B\u00e2timent et G\u00e9nie Civil, VALENS vise le TOP 5 du secteur sur la zone Belgique Centre. Notre strat\u00e9gie de croissance est bas\u00e9e sur l\u2019intensification de notre pr\u00e9sence&nbsp;tant sur le march\u00e9 des projets d\u2019envergure que celui du Service, avec une place de leader \u00e0 la cl\u00e9. C\u2019est en [&hellip;]<\/p>\n","protected":false},"author":1,"featured_media":0,"parent":67,"menu_order":0,"comment_status":"closed","ping_status":"closed","template":"","meta":{"footnotes":""},"class_list":["post-1439","page","type-page","status-publish","hentry"],"_links":{"self":[{"href":"https:\/\/www.valens.eu\/fr\/wp-json\/wp\/v2\/pages\/1439","targetHints":{"allow":["GET"]}}],"collection":[{"href":"https:\/\/www.valens.eu\/fr\/wp-json\/wp\/v2\/pages"}],"about":[{"href":"https:\/\/www.valens.eu\/fr\/wp-json\/wp\/v2\/types\/page"}],"author":[{"embeddable":true,"href":"https:\/\/www.valens.eu\/fr\/wp-json\/wp\/v2\/users\/1"}],"replies":[{"embeddable":true,"href":"https:\/\/www.valens.eu\/fr\/wp-json\/wp\/v2\/comments?post=1439"}],"version-history":[{"count":32,"href":"https:\/\/www.valens.eu\/fr\/wp-json\/wp\/v2\/pages\/1439\/revisions"}],"predecessor-version":[{"id":72198,"href":"https:\/\/www.valens.eu\/fr\/wp-json\/wp\/v2\/pages\/1439\/revisions\/72198"}],"up":[{"embeddable":true,"href":"https:\/\/www.valens.eu\/fr\/wp-json\/wp\/v2\/pages\/67"}],"wp:attachment":[{"href":"https:\/\/www.valens.eu\/fr\/wp-json\/wp\/v2\/media?parent=1439"}],"curies":[{"name":"wp","href":"https:\/\/api.w.org\/{rel}","templated":true}]}}

<h2 class="wp-block-heading"><strong>Une vision d&rsquo;avenir</strong></h2>



<p class="has-text-align-center"><strong>Entreprise Générale </strong>de construction en Bâtiment et Génie Civil, VALENS vise le <strong>TOP 5 </strong>du secteur sur la zone Belgique Centre. Notre stratégie de <strong>croissance </strong>est basée sur <strong>l’intensification de notre présence&nbsp;</strong>tant sur le marché des <strong>projets d’envergure </strong>que celui du <strong>Service</strong>, avec une place de <strong>leader </strong>à la clé. C’est en misant sur notre réputation et notre sérieux que nous entendons faire de VALENS le partenaire reconnu et incontournable de tous les donneurs d’ordre, tant publics que privés.</p>



<h2 class="wp-block-heading">Nos valeurs</h2>



<p class="has-text-align-center">Chez Valens, nous pensons qu&rsquo;il est important d&rsquo;évoluer en tant que groupe tout en maintenant nos valeurs fondamentales : notre engagement envers la société et l&rsquo;environnement et notre esprit d&rsquo;équipe, qui nous permet de relever les défis ensemble, avec des équipes impliquées, fidèles et engagées par l’envie d’innover.</p>



<p class="has-text-align-center"></p>


<div class="su-row sld_in_animate"><div class="su-column su-column-size-1-2"><div class="su-column-inner su-u-clearfix su-u-trim">
<h4><img loading="lazy" decoding="async" class="wp-image-2710 aligncenter" src="https://www.valens.eu/wp-content/uploads/icon-medal-300x300.png" alt="" width="89" height="89" srcset="https://www.valens.eu/wp-content/uploads/icon-medal-300x300.png 300w, https://www.valens.eu/wp-content/uploads/icon-medal-150x150.png 150w, https://www.valens.eu/wp-content/uploads/icon-medal-60x60.png 60w, https://www.valens.eu/wp-content/uploads/icon-medal.png 400w" sizes="auto, (max-width: 89px) 100vw, 89px" /></h4>
<h4 style="text-align: center;">Exemplarité</h4>
<p style="text-align: center;">Chez Valens, l’exemplarité est la base du respect de l’autre. A travers elle, les valeurs du Groupe deviennent concrètes. Nous ne demandons pas aux autres ce que l’on ne s’imposerait pas à soimême. Quelles que soient les circonstances, nous agissons de façon éthique, en conscience et dans le strict respect des règles.</p>
<p style="text-align: center;"></div></div> <div class="su-column su-column-size-1-2"><div class="su-column-inner su-u-clearfix su-u-trim">
<h4 style="text-align: center;"><img loading="lazy" decoding="async" class="alignnone wp-image-2698" src="https://www.valens.eu/wp-content/uploads/icon-responibility-300x300.png" alt="" width="87" height="87" srcset="https://www.valens.eu/wp-content/uploads/icon-responibility-300x300.png 300w, https://www.valens.eu/wp-content/uploads/icon-responibility-150x150.png 150w, https://www.valens.eu/wp-content/uploads/icon-responibility-60x60.png 60w, https://www.valens.eu/wp-content/uploads/icon-responibility.png 400w" sizes="auto, (max-width: 87px) 100vw, 87px" /></h4>
<h4 style="text-align: center;">Responsabilité</h4>
<p style="text-align: center;">Chez Valens, chacun à son niveau représente et engage le Groupe, chacun à son niveau est garant des ressources humaines et matérielles dont on lui a confié la charge. A travers la responsabilisation, l’autonomie est préservée, décisions et prise d’initiatives sont encouragées au plus proche du terrain.</p>
<p style="text-align: center;"></div></div> </div>



<p class="has-text-align-center"></p>


<div class="su-row sld_in_animate"><div class="su-column su-column-size-1-2"><div class="su-column-inner su-u-clearfix su-u-trim">
<h4 style="text-align: center;"><img loading="lazy" decoding="async" class="alignnone wp-image-2701" src="https://www.valens.eu/wp-content/uploads/icon-trust-300x201.png" alt="" width="100" height="67" srcset="https://www.valens.eu/wp-content/uploads/icon-trust-300x201.png 300w, https://www.valens.eu/wp-content/uploads/icon-trust-500x334.png 500w, https://www.valens.eu/wp-content/uploads/icon-trust.png 598w" sizes="auto, (max-width: 100px) 100vw, 100px" /></h4>
<h4 style="text-align: center;">Confiance</h4>
<p style="text-align: center;">Chez Valens, tout collaborateur bénéficie de la confiance de sa hiérarchie, qui le soutiendra aussi face aux difficultés. Les actions sont collectives et ne se construisent pas aux dépens des autres. La confiance est une marque de reconnaissance, c’est le ciment de la cohésion et participe de l’épanouissement de chacun. La confiance régit aussi la relation de Valens avec ses parties prenantes et favorise un partenariat de long terme.</p>
<p style="text-align: center;"></div></div> <div class="su-column su-column-size-1-2"><div class="su-column-inner su-u-clearfix su-u-trim">
<h4><img loading="lazy" decoding="async" class="wp-image-2704 aligncenter" src="https://www.valens.eu/wp-content/uploads/icon-wen-300x300.png" alt="" width="79" height="79" srcset="https://www.valens.eu/wp-content/uploads/icon-wen-300x300.png 300w, https://www.valens.eu/wp-content/uploads/icon-wen-150x150.png 150w, https://www.valens.eu/wp-content/uploads/icon-wen-60x60.png 60w, https://www.valens.eu/wp-content/uploads/icon-wen.png 400w" sizes="auto, (max-width: 79px) 100vw, 79px" /></h4>
<h4 style="text-align: center;">Transparence</h4>
<p style="text-align: center;">Chez Valens, les enjeux sont partagés. Chacun sait ce que l’on attend de lui et ce qu’il peut attendre des autres. La confiance exige de la transparence. L’information donnée est fiable et exhaustive. Elle doit être transmise promptement. Dissimulation et falsification ne sont pas acceptées. Chacun doit assumer les conséquences de ses actes. L’erreur est admise ; seule sa répétition en fait une faute.</p>
<p style="text-align: center;"></div></div> </div>



<p class="has-text-align-center"></p>


<div class="su-row sld_in_animate"><div class="su-column su-column-size-1-2"><div class="su-column-inner su-u-clearfix su-u-trim">
<h4><img loading="lazy" decoding="async" class="wp-image-2707 aligncenter" src="https://www.valens.eu/wp-content/uploads/icon-target-300x300.png" alt="" width="79" height="79" srcset="https://www.valens.eu/wp-content/uploads/icon-target-300x300.png 300w, https://www.valens.eu/wp-content/uploads/icon-target-150x150.png 150w, https://www.valens.eu/wp-content/uploads/icon-target-60x60.png 60w, https://www.valens.eu/wp-content/uploads/icon-target.png 432w" sizes="auto, (max-width: 79px) 100vw, 79px" /></h4>
<h4 style="text-align: center;">Lucidité</h4>
<p style="text-align: center;">Être collaborateur Valens, c’est voir et exprimer les choses avec clarté et justesse en ayant conscience de ses capacités mais également de ses limites. Cela permet la juste évaluation des risques et la mobilisation des ressources requises. La lucidité apporte la garantie d’objectifs réalisables et d’engagements tenus.</p>
<p style="text-align: center;"></div></div> <div class="su-column su-column-size-1-2"><div class="su-column-inner su-u-clearfix su-u-trim">
<h4><img loading="lazy" decoding="async" class="wp-image-2713 aligncenter" src="https://www.valens.eu/wp-content/uploads/icon-growth-300x226.png" alt="" width="84" height="63" srcset="https://www.valens.eu/wp-content/uploads/icon-growth-300x226.png 300w, https://www.valens.eu/wp-content/uploads/icon-growth-500x376.png 500w, https://www.valens.eu/wp-content/uploads/icon-growth.png 532w" sizes="auto, (max-width: 84px) 100vw, 84px" /></h4>
<h4 style="text-align: center;">Courage &amp; pugnacité</h4>
<p style="text-align: center;">Être collaborateur Valens, c’est s’engager avec enthousiasme au service des projets, avec persévérance et pugnacité, mais sans obstination et avoir la force d’affronter et de surmonter les difficultés. C’est aussi savoir faire preuve de courage managérial vis-à-vis de ses collaborateurs.</p>
<p style="text-align: center;"></div></div> </div>



<p>&nbsp;</p>



<h2 class="wp-block-heading">Sponsoring</h2>



<p class="has-text-align-center">Votre association souhaite soumettre une demande de sponsoring auprès de Valens ? Veuillez remplir ce <a href="https://www.valens.eu/wp-content/uploads/VALENS-SPONSORING-Aanvraag-Demande.xlsx">formulaire</a> et l&rsquo;envoyer à <a href="&#109;&#x61;i&#108;&#x74;o&#x3a;&#x68;&#114;&#x2e;v&#97;&#x6c;e&#110;&#x73;&#64;&#x65;i&#102;&#x66;a&#103;&#x65;&#46;&#x63;&#x6f;&#109;" target="_blank" rel="noopener">&#99;&#x6f;&#x6e;&#116;&#x61;&#x63;t&#x2e;&#x76;a&#108;&#x65;n&#115;&#x40;e&#105;&#x66;f&#97;&#x67;e&#46;&#x63;&#x6f;&#109;</a></p>

<p>Une vision d&rsquo;avenir Entreprise Générale de construction en Bâtiment et Génie Civil, VALENS vise le TOP 5 du secteur sur la zone Belgique Centre. Notre stratégie de croissance est basée sur l’intensification de notre présence&nbsp;tant sur le marché des projets d’envergure que celui du Service, avec une place de leader à la clé. C’est en [&hellip;]</p>
